--
-- Host: localhost    Database: cam
-- ------------------------------------------------------


--
-- Table structure for table `channels_tbl`
--

CREATE TABLE `channels_tbl` (
  `tid` int(11) NOT NULL AUTO_INCREMENT,
  `title` varchar(400) DEFAULT NULL,
  `img` varchar(400) DEFAULT NULL,
  `channelsource` text,
  `AdblockStatus` int(11) DEFAULT NULL,
  `channelkeywords` text,
  PRIMARY KEY (`tid`)
) ENGINE=MyISAM AUTO_INCREMENT=5 DEFAULT CHARSET=latin1;

--
-- Dumping data for table `channels_tbl`
--

INSERT INTO `channels_tbl` VALUES (1,'NFL Network','01-12-2015-nfl.png','<iframe width=\"600\" height=\"400\" scrolling=\"no\" frameborder=\"0\" allowtransparency=\"true\" src=\"http://sawlive.tv/embed/watch/RkOTA3ODA0MzQ5YzU1MGQ4MzMzMWQ0NjNlYw__/bmZsbmV0d29yazpmNGNhODdkZmYyNmQ4MmI3N2ZjNGY1OWJmN2FlNzk3NDowYjk5Nz\"></iframe>',1,NULL),(2,'NTVspor','01-12-2015-ntvsport.png','<iframe width=\"600\" height=\"400\" scrolling=\"no\" frameborder=\"0\" allowtransparency=\"true\" src=\"http://sawlive.tv/embed/watch/RkOTA3ODA0MzQ5YzU1MGQ4MzMzMWQ0NjNlYw__/bmZsbmV0d29yazpmNGNhODdkZmYyNmQ4MmI3N2ZjNGY1OWJmN2FlNzk3NDowYjk5Nz\"></iframe>',1,NULL),(3,'TSN2HD','01-12-2015-tsn2hd.png','<iframe width=\"600\" height=\"400\" scrolling=\"no\" frameborder=\"0\" allowtransparency=\"true\" src=\"http://sawlive.tv/embed/watch/RkOTA3ODA0MzQ5YzU1MGQ4MzMzMWQ0NjNlYw__/bmZsbmV0d29yazpmNGNhODdkZmYyNmQ4MmI3N2ZjNGY1OWJmN2FlNzk3NDowYjk5Nz\"></iframe>',1,NULL),(4,'CNN','02-12-2015-chanel1.png','<object type=\"application/x-shockwave-flash\" data=\"video-js-b.swf\" width=\"600\" height=\"400\" id=\"example_video_1_flash_api\" name=\"example_video_1_flash_api\" class=\"vjs-tech\" style=\"display: block;\"><param name=\"movie\" value=\"video-js-b.swf\"><param name=\"flashvars\" value=\"readyFunction=videojs.Flash.onReady&amp;eventProxyFunction=videojs.Flash.onEvent&amp;errorEventProxyFunction=videojs.Flash.onError&amp;autoplay=true&amp;preload=undefined&amp;loop=undefined&amp;muted=undefined&amp;\"><param name=\"allowScriptAccess\" value=\"always\"><param name=\"allowNetworking\" value=\"all\"><param name=\"wmode\" value=\"opaque\"><param name=\"bgcolor\" value=\"#000000\"></object>',1,'keyword One, Keyword Two, Keyword Three       ');

--
-- Table structure for table `contactinfo`
--

CREATE TABLE `contactinfo` (
  `tid` int(11) NOT NULL AUTO_INCREMENT,
  `email` varchar(300) DEFAULT NULL,
  `phone` varchar(300) DEFAULT NULL,
  `mobile` varchar(200) DEFAULT NULL,
  `fax` varchar(200) DEFAULT NULL,
  `address` text,
  `office` varchar(300) DEFAULT NULL,
  PRIMARY KEY (`tid`)
) ENGINE=MyISAM AUTO_INCREMENT=4 DEFAULT CHARSET=latin1;

--
-- Dumping data for table `contactinfo`
--

INSERT INTO `contactinfo` VALUES (2,'dhartee.org@gmail.com  & mansoordahri@gmail.com ','+92-22-3667185','+92-300-3094643 / +92-333-2682088','-------------------------------','A-61,Al-Rehman Cottages opposite Honda Palace,  Bi-pass,Qasimabad,Hyderabad-71000, Sindh Pakistan','Head Office Hyderabad');

--
-- Table structure for table `contactus`
--

CREATE TABLE `contactus` (
  `tid` int(11) NOT NULL AUTO_INCREMENT,
  `uname` varchar(400) DEFAULT NULL,
  `email` varchar(300) DEFAULT NULL,
  `description` text,
  `dat` date DEFAULT NULL,
  `tim` time DEFAULT NULL,
  `web` varchar(400) DEFAULT NULL,
  `subject` varchar(500) DEFAULT NULL,
  PRIMARY KEY (`tid`)
) ENGINE=MyISAM AUTO_INCREMENT=3 DEFAULT CHARSET=latin1;

--
-- Dumping data for table `contactus`
--

INSERT INTO `contactus` VALUES (2,'Kanhialal','itc70kk@yahoo.com','asasas','2014-06-06','02:06:38','','subject');

--
-- Table structure for table `games_tbl`
--

CREATE TABLE `games_tbl` (
  `tid` int(11) NOT NULL AUTO_INCREMENT,
  `title` varchar(400) DEFAULT NULL,
  `img` varchar(400) DEFAULT NULL,
  PRIMARY KEY (`tid`)
) ENGINE=MyISAM AUTO_INCREMENT=34 DEFAULT CHARSET=latin1;

--
-- Dumping data for table `games_tbl`
--

INSERT INTO `games_tbl` VALUES (27,'wwe','29-11-2015-wwe.gif'),(28,'Tennis','29-11-2015-tennis.png'),(17,'Baseball','29-11-2015-baseball.png'),(18,'Football','29-11-2015-Football.png'),(19,'A.Football','29-11-2015-football-ball-icon.png'),(20,'Cricket','29-11-2015-cricket.jpg'),(21,'Boxing','29-11-2015-boxing.png'),(22,'Basketball','29-11-2015-basketball.png'),(23,'Rugby','29-11-2015-rugby.png'),(25,'Golf','29-11-2015-golf.png'),(26,'UFC','29-11-2015-ufc-icon.png'),(29,'Hockey','29-11-2015-hockey.png'),(31,'Cycling','01-12-2015-29-11-2015-cycling.png'),(32,'Motors','01-12-2015-Untitled.jpg'),(33,'Racing','01-12-2015-motors.png');

--
-- Table structure for table `shedule_tbl`
--

CREATE TABLE `shedule_tbl` (
  `tid` int(11) NOT NULL AUTO_INCREMENT,
  `competition` varchar(500) DEFAULT NULL,
  `gameID` int(8) DEFAULT NULL,
  `flag` varchar(150) DEFAULT NULL,
  `sheduledate` date DEFAULT NULL,
  `SheduleTime` datetime DEFAULT NULL,
  `seriesname` varchar(400) NOT NULL,
  `shedulekeywords` text,
  PRIMARY KEY (`tid`)
) ENGINE=MyISAM AUTO_INCREMENT=24 DEFAULT CHARSET=latin1;

--
-- Dumping data for table `shedule_tbl`
--

INSERT INTO `shedule_tbl` VALUES (1,'Rangpur Riders vs Chittagong Kings',20,'BD','2015-12-01','2015-12-01 15:17:00','',NULL),(2,'Barisal Bulls vs Dhaka Dynamites',20,'BD','2015-12-01','2015-12-01 17:45:00','',NULL),(3,'Panthrakikos FC vs Olympiacos Volos',18,'GR','2015-12-01','2015-12-01 08:00:00','',NULL),(4,'Panthrakikos FC vs Olympiacos Volos',18,'GR','2015-12-01','2015-12-01 18:00:00','',NULL),(6,'Panionios Athens vs Zakynthos',18,'GR','2015-12-01','2015-12-01 20:15:00','',NULL),(7,'Middlesbrough vs Everton',18,'UK','2015-12-01','2015-12-01 00:45:00','',NULL),(8,'Manchester City vs Hull City',18,'UK','2015-12-01','2015-12-01 00:45:00','',NULL),(10,'AC Milan vs Crotone',18,'IT','2015-12-01','2015-12-01 01:00:00','',NULL),(11,'Leganes vs Granada',18,'ES','2015-12-01','2015-12-01 01:00:00','',NULL),(12,'Stoke City vs Sheffield Wednesday',18,'UK','2015-12-01','2015-12-01 00:45:00','',NULL),(13,'Stoke City vs Sheffield Wednesday',18,'UK','2015-12-01','2015-12-01 00:45:00','',NULL),(14,'At The Races',33,'UK','2015-12-01','2015-12-01 16:30:00','',NULL),(15,'At The Races',19,'AF','2015-12-01','2015-12-01 16:04:00','',NULL),(16,'Pakistan vs England 3rd T20 Match Live',19,'AX','2015-12-01','2015-12-01 06:04:00','',NULL),(17,'Pakistan vs England 3rd T20 Match Live',17,'AX','2015-12-01','2015-12-01 03:03:00','',NULL),(18,'Pakistan vs England 3rd T20 Match Live',17,'AX','2015-12-01','2015-12-01 03:03:00','',NULL),(19,'Pakistan vs England 3rd T20 Match Live',17,'AX','2015-12-01','2015-12-01 03:03:00','',NULL),(20,'Pakistan vs England 3rd T20 Match Live',19,'AF','2015-12-01','2015-12-01 10:03:00','',NULL),(21,'HC Davos vs Skelleftea AIK',17,'AD ','2015-12-02','2015-12-02 00:02:00','KHL',NULL),(22,'HC Davos vs Skelleftea AIK',17,'AD ','2015-12-02','2015-12-02 00:02:00','KHL',NULL),(23,'HC Davos vs Skelleftea AIK',19,'AL','2015-12-02','2015-12-02 13:13:00','KHL','Schedule Keywords1,Schedule Keywords2,Schedule Keywords3,Schedule Keywords4');

--
-- Table structure for table `sheduledetial`
--

CREATE TABLE `sheduledetial` (
  `tid` int(11) NOT NULL AUTO_INCREMENT,
  `shedulemasterid` bigint(8) DEFAULT NULL,
  `channelid` int(11) DEFAULT NULL,
  PRIMARY KEY (`tid`)
) ENGINE=MyISAM AUTO_INCREMENT=19 DEFAULT CHARSET=latin1;

--
-- Dumping data for table `sheduledetial`
--

INSERT INTO `sheduledetial` VALUES (1,9,1),(2,9,2),(3,19,1),(4,19,2),(5,19,3),(6,20,1),(7,20,2),(8,20,3),(9,21,1),(10,21,2),(11,21,3),(12,22,1),(13,22,2),(14,22,3),(15,23,4),(16,23,1),(17,23,2),(18,23,3);

--
-- Table structure for table `user_tracking`
--

CREATE TABLE `user_tracking` (
  `visitor_id` bigint(11) NOT NULL AUTO_INCREMENT,
  `ip_address` varchar(50) DEFAULT NULL,
  `page_name` text,
  `query_string` text,
  PRIMARY KEY (`visitor_id`)
) ENGINE=MyISAM AUTO_INCREMENT=264 DEFAULT CHARSET=latin1;

--
-- Dumping data for table `user_tracking`
--

INSERT INTO `user_tracking` VALUES (1,'::1','/cricfreelive.com/index.php',''),(2,'::1','/cricfreelive.com/game.php','ID=22&title=Basketball'),(3,'::1','/cricfreelive.com/game.php','ID=21&title=Boxing'),(4,'::1','/cricfreelive.com/game.php','ID=20&title=Cricket'),(5,'::1','/cricfreelive.com/game.php','ID=20&title=Cricket'),(6,'::1','/cricfreelive.com/index.php',''),(7,'::1','/cricfreelive.com/index.php',''),(8,'::1','/cricfreelive.com/index.php',''),(9,'::1','/cricfreelive.com/index.php',''),(10,'::1','/cricfreelive.com/singlechannel.php','ID=4&channel=4'),(11,'::1','/cricfreelive.com/singlechannel.php','ID=4/4&channel=css'),(12,'::1','/cricfreelive.com/singlechannel.php','ID=4/4&channel=images'),(13,'::1','/cricfreelive.com/singlechannel.php','ID=4/4/dh-admin&channel=channels'),(14,'::1','/cricfreelive.com/singlechannel.php','ID=4/4/dh-admin&channel=channels'),(15,'::1','/cricfreelive.com/singlechannel.php','ID=4/4/dh-admin&channel=channels'),(16,'::1','/cricfreelive.com/singlechannel.php','ID=4/4/dh-admin&channel=channels'),(17,'::1','/cricfreelive.com/singlechannel.php','ID=4&channel=4'),(18,'::1','/cricfreelive.com/singlechannel.php','ID=4/4&channel=css'),(19,'::1','/cricfreelive.com/singlechannel.php','ID=4/4&channel=images'),(20,'::1','/cricfreelive.com/singlechannel.php','ID=4/4/dh-admin&channel=channels'),(21,'::1','/cricfreelive.com/singlechannel.php','ID=4/4/dh-admin&channel=channels'),(22,'::1','/cricfreelive.com/singlechannel.php','ID=4/4/dh-admin&channel=channels'),(23,'::1','/cricfreelive.com/singlechannel.php','ID=4/4/dh-admin&channel=channels'),(24,'::1','/cricfreelive.com/singlechannel.php','ID=4/4/dh-admin&channel=channels'),(25,'::1','/cricfreelive.com/singlechannel.php','ID=4/4/dh-admin&channel=channels'),(26,'::1','/cricfreelive.com/singlechannel.php','ID=4/4/dh-admin&channel=channels'),(27,'::1','/cricfreelive.com/singlechannel.php','ID=4/4&channel=images'),(28,'::1','/cricfreelive.com/singlechannel.php','ID=4/4/dh-admin&channel=channels'),(29,'::1','/cricfreelive.com/index.php',''),(30,'::1','/cricfreelive.com/singlechannel.php','ID=4&channel=CNN'),(31,'::1','/cricfreelive.com/singlechannel.php','ID=4/CNN&channel=css'),(32,'::1','/cricfreelive.com/singlechannel.php','ID=4/CNN&channel=images'),(33,'::1','/cricfreelive.com/singlechannel.php','ID=4/CNN/dh-admin&channel=channels'),(34,'::1','/cricfreelive.com/singlechannel.php','ID=4/CNN/dh-admin&channel=channels'),(35,'::1','/cricfreelive.com/singlechannel.php','ID=4/CNN/dh-admin&channel=channels'),(36,'::1','/cricfreelive.com/singlechannel.php','ID=4/CNN/dh-admin&channel=channels'),(37,'::1','/cricfreelive.com/singlechannel.php','ID=4/CNN&channel=images'),(38,'::1','/cricfreelive.com/singlechannel.php','ID=4/CNN/dh-admin&channel=channels'),(39,'::1','/cricfreelive.com/singlechannel.php','ID=4/CNN/dh-admin&channel=channels'),(40,'::1','/cricfreelive.com/singlechannel.php','ID=4/CNN/dh-admin&channel=channels'),(41,'::1','/cricfreelive.com/singlechannel.php','ID=4&channel=CNN'),(42,'::1','/cricfreelive.com/singlechannel.php','ID=4/CNN&channel=images'),(43,'::1','/cricfreelive.com/singlechannel.php','ID=4/CNN/dh-admin&channel=channels'),(44,'::1','/cricfreelive.com/singlechannel.php','ID=4/CNN/dh-admin&channel=channels'),(45,'::1','/cricfreelive.com/singlechannel.php','ID=4/CNN/dh-admin&channel=channels'),(46,'::1','/cricfreelive.com/singlechannel.php','ID=4/CNN/dh-admin&channel=channels'),(47,'::1','/cricfreelive.com/singlechannel.php','ID=4/CNN&channel='),(48,'::1','/cricfreelive.com/singlechannel.php','ID=4/CNN/dh-admin/channels&channel=01-12-2015-tsn2hd.png'),(49,'::1','/cricfreelive.com/singlechannel.php','ID=4/CNN/dh-admin/channels&channel=01-12-2015-ntvsport.png'),(50,'::1','/cricfreelive.com/singlechannel.php','ID=4/CNN/dh-admin/channels&channel=02-12-2015-chanel1.png'),(51,'::1','/cricfreelive.com/singlechannel.php','ID=4/CNN/dh-admin/channels&channel=01-12-2015-nfl.png'),(52,'::1','/cricfreelive.com/singlechannel.php','ID=4/CNN/images&channel=mainlogo.png'),(53,'::1','/cricfreelive.com/singlechannel.php','ID=4/CNN/dh-admin/channels&channel=01-12-2015-tsn2hd.png'),(54,'::1','/cricfreelive.com/singlechannel.php','ID=4/CNN/dh-admin/channels&channel=01-12-2015-nfl.png'),(55,'::1','/cricfreelive.com/singlechannel.php','ID=4/CNN/dh-admin/channels&channel=01-12-2015-ntvsport.png'),(56,'::1','/cricfreelive.com/singlechannel.php','ID=4/CNN/images&channel=mainlogo.png'),(57,'::1','/cricfreelive.com/singlechannel.php','ID=4/CNN/dh-admin/channels&channel=02-12-2015-chanel1.png'),(58,'::1','/cricfreelive.com/index.php',''),(59,'::1','/cricfreelive.com/singlechannel.php','ID=channels&channel=01-12-2015-ntvsport.png'),(60,'::1','/cricfreelive.com/singlechannel.php','ID=country&channel=AL.png'),(61,'::1','/cricfreelive.com/singlechannel.php','ID=country&channel=AD .png'),(62,'::1','/cricfreelive.com/singlechannel.php','ID=channels&channel=01-12-2015-tsn2hd.png'),(63,'::1','/cricfreelive.com/singlechannel.php','ID=channels&channel=02-12-2015-chanel1.png'),(64,'::1','/cricfreelive.com/singlechannel.php','ID=channels&channel=01-12-2015-nfl.png'),(65,'::1','/cricfreelive.com/singlechannel.php','ID=channels&channel=01-12-2015-tsn2hd.png'),(66,'::1','/cricfreelive.com/singlechannel.php','ID=channels&channel=01-12-2015-ntvsport.png'),(67,'::1','/cricfreelive.com/singlechannel.php','ID=channels&channel=02-12-2015-chanel1.png'),(68,'::1','/cricfreelive.com/singlechannel.php','ID=channels&channel=01-12-2015-nfl.png'),(69,'::1','/cricfreelive.com/singlechannel.php','ID=country&channel=AL.png'),(70,'::1','/cricfreelive.com/singlechannel.php','ID=country&channel=AD .png'),(71,'::1','/cricfreelive.com/singlechannel.php','ID=4/CNN&channel='),(72,'::1','/cricfreelive.com/singlechannel.php','ID=4/CNN/dh-admin/channels&channel=01-12-2015-ntvsport.png'),(73,'::1','/cricfreelive.com/singlechannel.php','ID=4/CNN/dh-admin/channels&channel=01-12-2015-nfl.png'),(74,'::1','/cricfreelive.com/singlechannel.php','ID=4/CNN/dh-admin/channels&channel=01-12-2015-tsn2hd.png'),(75,'::1','/cricfreelive.com/singlechannel.php','ID=4/CNN/dh-admin/channels&channel=02-12-2015-chanel1.png'),(76,'::1','/cricfreelive.com/singlechannel.php','ID=4/CNN/images&channel=mainlogo.png'),(77,'::1','/cricfreelive.com/singlechannel.php','ID=4/CNN&channel='),(78,'::1','/cricfreelive.com/singlechannel.php','ID=4/CNN/dh-admin/channels&channel=01-12-2015-ntvsport.png'),(79,'::1','/cricfreelive.com/singlechannel.php','ID=4/CNN/images&channel=mainlogo.png'),(80,'::1','/cricfreelive.com/singlechannel.php','ID=4/CNN/dh-admin/channels&channel=01-12-2015-nfl.png'),(81,'::1','/cricfreelive.com/singlechannel.php','ID=4/CNN/dh-admin/channels&channel=01-12-2015-tsn2hd.png'),(82,'::1','/cricfreelive.com/singlechannel.php','ID=4/CNN/dh-admin/channels&channel=02-12-2015-chanel1.png'),(83,'::1','/cricfreelive.com/singlechannel.php','ID=4/CNN/dh-admin/channels&channel=02-12-2015-chanel1.png'),(84,'::1','/cricfreelive.com/singlechannel.php','ID=4/CNN/dh-admin/channels&channel=01-12-2015-ntvsport.png'),(85,'::1','/cricfreelive.com/singlechannel.php','ID=4/CNN/dh-admin/channels&channel=01-12-2015-nfl.png'),(86,'::1','/cricfreelive.com/singlechannel.php','ID=4/CNN/images&channel=mainlogo.png'),(87,'::1','/cricfreelive.com/singlechannel.php','ID=4/CNN/dh-admin/channels&channel=01-12-2015-tsn2hd.png'),(88,'::1','/cricfreelive.com/index.php',''),(89,'::1','/cricfreelive.com/singlechannel.php','ID=channels&channel=01-12-2015-nfl.png'),(90,'::1','/cricfreelive.com/singlechannel.php','ID=channels&channel=01-12-2015-tsn2hd.png'),(91,'::1','/cricfreelive.com/singlechannel.php','ID=channels&channel=02-12-2015-chanel1.png'),(92,'::1','/cricfreelive.com/singlechannel.php','ID=channels&channel=01-12-2015-ntvsport.png'),(93,'::1','/cricfreelive.com/singlechannel.php','ID=country&channel=AL.png'),(94,'::1','/cricfreelive.com/singlechannel.php','ID=country&channel=AD .png'),(95,'::1','/cricfreelive.com/singlechannel.php','ID=channels&channel=01-12-2015-nfl.png'),(96,'::1','/cricfreelive.com/singlechannel.php','ID=channels&channel=02-12-2015-chanel1.png'),(97,'::1','/cricfreelive.com/singlechannel.php','ID=channels&channel=01-12-2015-tsn2hd.png'),(98,'::1','/cricfreelive.com/singlechannel.php','ID=country&channel=AL.png'),(99,'::1','/cricfreelive.com/singlechannel.php','ID=channels&channel=01-12-2015-ntvsport.png'),(100,'::1','/cricfreelive.com/singlechannel.php','ID=country&channel=AD .png'),(101,'::1','/cricfreelive.com/singlechannel.php','ID=CNN&channel='),(102,'::1','/cricfreelive.com/singlechannel.php','ID=CNN/dh-admin/channels&channel=02-12-2015-chanel1.png'),(103,'::1','/cricfreelive.com/singlechannel.php','ID=CNN/dh-admin/channels&channel=01-12-2015-tsn2hd.png'),(104,'::1','/cricfreelive.com/singlechannel.php','ID=CNN/images&channel=mainlogo.png'),(105,'::1','/cricfreelive.com/singlechannel.php','ID=CNN/dh-admin/channels&channel=01-12-2015-ntvsport.png'),(106,'::1','/cricfreelive.com/singlechannel.php','ID=CNN/dh-admin/channels&channel=01-12-2015-nfl.png'),(107,'::1','/cricfreelive.com/singlechannel.php','ID=CNN&channel=index.php'),(108,'::1','/cricfreelive.com/singlechannel.php','ID=CNN/images&channel=mainlogo.png'),(109,'::1','/cricfreelive.com/singlechannel.php','ID=CNN/dh-admin/channels&channel=02-12-2015-chanel1.png'),(110,'::1','/cricfreelive.com/singlechannel.php','ID=CNN/dh-admin/channels&channel=01-12-2015-tsn2hd.png'),(111,'::1','/cricfreelive.com/singlechannel.php','ID=CNN/dh-admin/channels&channel=01-12-2015-nfl.png'),(112,'::1','/cricfreelive.com/singlechannel.php','ID=CNN/dh-admin/channels&channel=01-12-2015-ntvsport.png'),(113,'::1','/cricfreelive.com/singlechannel.php','ID=CNN&channel=index.php'),(114,'::1','/cricfreelive.com/singlechannel.php','ID=CNN/dh-admin/channels&channel=01-12-2015-ntvsport.png'),(115,'::1','/cricfreelive.com/singlechannel.php','ID=CNN/images&channel=mainlogo.png'),(116,'::1','/cricfreelive.com/singlechannel.php','ID=CNN/dh-admin/channels&channel=01-12-2015-tsn2hd.png'),(117,'::1','/cricfreelive.com/singlechannel.php','ID=CNN/dh-admin/channels&channel=01-12-2015-nfl.png'),(118,'::1','/cricfreelive.com/singlechannel.php','ID=CNN/dh-admin/channels&channel=02-12-2015-chanel1.png'),(119,'::1','/cricfreelive.com/index.php',''),(120,'::1','/cricfreelive.com/singlechannel.php','ID=channels&channel=01-12-2015-ntvsport.png'),(121,'::1','/cricfreelive.com/singlechannel.php','ID=channels&channel=01-12-2015-nfl.png'),(122,'::1','/cricfreelive.com/singlechannel.php','ID=channels&channel=02-12-2015-chanel1.png'),(123,'::1','/cricfreelive.com/singlechannel.php','ID=country&channel=AD .png'),(124,'::1','/cricfreelive.com/singlechannel.php','ID=channels&channel=01-12-2015-tsn2hd.png'),(125,'::1','/cricfreelive.com/singlechannel.php','ID=country&channel=AL.png'),(126,'::1','/cricfreelive.com/index.php',''),(127,'::1','/cricfreelive.com/singlechannel.php','ID=country&channel=AL.png'),(128,'::1','/cricfreelive.com/singlechannel.php','ID=channels&channel=01-12-2015-nfl.png'),(129,'::1','/cricfreelive.com/singlechannel.php','ID=channels&channel=02-12-2015-chanel1.png'),(130,'::1','/cricfreelive.com/singlechannel.php','ID=channels&channel=01-12-2015-ntvsport.png'),(131,'::1','/cricfreelive.com/singlechannel.php','ID=country&channel=AD .png'),(132,'::1','/cricfreelive.com/singlechannel.php','ID=channels&channel=01-12-2015-tsn2hd.png'),(133,'::1','/cricfreelive.com/singlechannel.php','ID=channels&channel=01-12-2015-nfl.png'),(134,'::1','/cricfreelive.com/singlechannel.php','ID=channels&channel=02-12-2015-chanel1.png'),(135,'::1','/cricfreelive.com/singlechannel.php','ID=channels&channel=01-12-2015-ntvsport.png'),(136,'::1','/cricfreelive.com/singlechannel.php','ID=channels&channel=01-12-2015-tsn2hd.png'),(137,'::1','/cricfreelive.com/singlechannel.php','ID=country&channel=AD .png'),(138,'::1','/cricfreelive.com/singlechannel.php','ID=country&channel=AL.png'),(139,'::1','/cricfreelive.com/index.php',''),(140,'::1','/cricfreelive.com/singlechannel.php','ID=channels&channel=01-12-2015-nfl.png'),(141,'::1','/cricfreelive.com/singlechannel.php','ID=channels&channel=01-12-2015-ntvsport.png'),(142,'::1','/cricfreelive.com/singlechannel.php','ID=channels&channel=01-12-2015-tsn2hd.png'),(143,'::1','/cricfreelive.com/singlechannel.php','ID=country&channel=AL.png'),(144,'::1','/cricfreelive.com/singlechannel.php','ID=country&channel=AD .png'),(145,'::1','/cricfreelive.com/singlechannel.php','ID=channels&channel=02-12-2015-chanel1.png'),(146,'::1','/cricfreelive.com/singlechannel.php','ID=channels&channel=01-12-2015-nfl.png'),(147,'::1','/cricfreelive.com/singlechannel.php','ID=channels&channel=02-12-2015-chanel1.png'),(148,'::1','/cricfreelive.com/singlechannel.php','ID=country&channel=AL.png'),(149,'::1','/cricfreelive.com/singlechannel.php','ID=country&channel=AD .png'),(150,'::1','/cricfreelive.com/singlechannel.php','ID=channels&channel=01-12-2015-ntvsport.png'),(151,'::1','/cricfreelive.com/singlechannel.php','ID=channels&channel=01-12-2015-tsn2hd.png'),(152,'::1','/cricfreelive.com/singlechannel.php','ID=CNN&channel='),(153,'::1','/cricfreelive.com/singlechannel.php','ID=CNN/images&channel=mainlogo.png'),(154,'::1','/cricfreelive.com/singlechannel.php','ID=channels&channel=01-12-2015-nfl.png'),(155,'::1','/cricfreelive.com/singlechannel.php','ID=channels&channel=02-12-2015-chanel1.png'),(156,'::1','/cricfreelive.com/singlechannel.php','ID=channels&channel=01-12-2015-ntvsport.png'),(157,'::1','/cricfreelive.com/singlechannel.php','ID=channels&channel=01-12-2015-tsn2hd.png'),(158,'::1','/cricfreelive.com/singlechannel.php','ID=CNN&channel='),(159,'::1','/cricfreelive.com/singlechannel.php','ID=CNN/images&channel=mainlogo.png'),(160,'::1','/cricfreelive.com/singlechannel.php','ID=channels&channel=02-12-2015-chanel1.png'),(161,'::1','/cricfreelive.com/singlechannel.php','ID=channels&channel=01-12-2015-nfl.png'),(162,'::1','/cricfreelive.com/singlechannel.php','ID=channels&channel=01-12-2015-ntvsport.png'),(163,'::1','/cricfreelive.com/singlechannel.php','ID=channels&channel=01-12-2015-tsn2hd.png'),(164,'::1','/cricfreelive.com/singlechannel.php','ID=CNN&channel='),(165,'::1','/cricfreelive.com/singlechannel.php','ID=CNN/images&channel=mainlogo.png'),(166,'::1','/cricfreelive.com/singlechannel.php','ID=channels&channel=02-12-2015-chanel1.png'),(167,'::1','/cricfreelive.com/singlechannel.php','ID=channels&channel=01-12-2015-ntvsport.png'),(168,'::1','/cricfreelive.com/singlechannel.php','ID=channels&channel=01-12-2015-nfl.png'),(169,'::1','/cricfreelive.com/singlechannel.php','ID=channels&channel=01-12-2015-tsn2hd.png'),(170,'::1','/cricfreelive.com/singlechannel.php','ID=channels&channel=02-12-2015-chanel1.png'),(171,'::1','/cricfreelive.com/singlechannel.php','ID=channels&channel=01-12-2015-nfl.png'),(172,'::1','/cricfreelive.com/singlechannel.php','ID=channels&channel=01-12-2015-ntvsport.png'),(173,'::1','/cricfreelive.com/singlechannel.php','ID=CNN/images&channel=mainlogo.png'),(174,'::1','/cricfreelive.com/singlechannel.php','ID=channels&channel=01-12-2015-tsn2hd.png'),(175,'::1','/cricfreelive.com/singlechannel.php','ID=CNN&channel='),(176,'::1','/cricfreelive.com/singlechannel.php','ID=channels&channel=01-12-2015-tsn2hd.png'),(177,'::1','/cricfreelive.com/singlechannel.php','ID=channels&channel=01-12-2015-ntvsport.png'),(178,'::1','/cricfreelive.com/singlechannel.php','ID=channels&channel=01-12-2015-nfl.png'),(179,'::1','/cricfreelive.com/singlechannel.php','ID=CNN/images&channel=mainlogo.png'),(180,'::1','/cricfreelive.com/singlechannel.php','ID=channels&channel=02-12-2015-chanel1.png'),(181,'::1','/cricfreelive.com/singlechannel.php','ID=channels&channel=01-12-2015-nfl.png'),(182,'::1','/cricfreelive.com/singlechannel.php','ID=channels&channel=02-12-2015-chanel1.png'),(183,'::1','/cricfreelive.com/singlechannel.php','ID=CNN/images&channel=mainlogo.png'),(184,'::1','/cricfreelive.com/singlechannel.php','ID=channels&channel=01-12-2015-ntvsport.png'),(185,'::1','/cricfreelive.com/singlechannel.php','ID=channels&channel=01-12-2015-tsn2hd.png'),(186,'::1','/cricfreelive.com/singlechannel.php','ID=CNN&channel=index.php'),(187,'::1','/cricfreelive.com/singlechannel.php','ID=channels&channel=01-12-2015-nfl.png'),(188,'::1','/cricfreelive.com/singlechannel.php','ID=CNN/images&channel=mainlogo.png'),(189,'::1','/cricfreelive.com/singlechannel.php','ID=channels&channel=02-12-2015-chanel1.png'),(190,'::1','/cricfreelive.com/singlechannel.php','ID=channels&channel=01-12-2015-tsn2hd.png'),(191,'::1','/cricfreelive.com/singlechannel.php','ID=channels&channel=01-12-2015-ntvsport.png'),(192,'::1','/cricfreelive.com/index.php',''),(193,'::1','/cricfreelive.com/singlechannel.php','ID=country&channel=AL.png'),(194,'::1','/cricfreelive.com/singlechannel.php','ID=channels&channel=01-12-2015-nfl.png'),(195,'::1','/cricfreelive.com/singlechannel.php','ID=country&channel=AD .png'),(196,'::1','/cricfreelive.com/singlechannel.php','ID=channels&channel=01-12-2015-ntvsport.png'),(197,'::1','/cricfreelive.com/singlechannel.php','ID=channels&channel=02-12-2015-chanel1.png'),(198,'::1','/cricfreelive.com/singlechannel.php','ID=channels&channel=01-12-2015-tsn2hd.png'),(199,'::1','/cricfreelive.com/index.php',''),(200,'::1','/cricfreelive.com/singlechannel.php','ID=channels&channel=01-12-2015-nfl.png'),(201,'::1','/cricfreelive.com/singlechannel.php','ID=channels&channel=01-12-2015-tsn2hd.png'),(202,'::1','/cricfreelive.com/singlechannel.php','ID=country&channel=AL.png'),(203,'::1','/cricfreelive.com/singlechannel.php','ID=channels&channel=01-12-2015-ntvsport.png'),(204,'::1','/cricfreelive.com/singlechannel.php','ID=channels&channel=02-12-2015-chanel1.png'),(205,'::1','/cricfreelive.com/singlechannel.php','ID=country&channel=AD .png'),(206,'::1','/cricfreelive.com/singlechannel.php','ID=channels&channel=01-12-2015-ntvsport.png'),(207,'::1','/cricfreelive.com/singlechannel.php','ID=channels&channel=01-12-2015-nfl.png'),(208,'::1','/cricfreelive.com/singlechannel.php','ID=channels&channel=02-12-2015-chanel1.png'),(209,'::1','/cricfreelive.com/singlechannel.php','ID=channels&channel=01-12-2015-tsn2hd.png'),(210,'::1','/cricfreelive.com/singlechannel.php','ID=country&channel=AD .png'),(211,'::1','/cricfreelive.com/singlechannel.php','ID=country&channel=AL.png'),(212,'::1','/cricfreelive.com/singlechannel.php','ID=channels&channel=02-12-2015-chanel1.png'),(213,'::1','/cricfreelive.com/singlechannel.php','ID=channels&channel=images'),(214,'::1','/cricfreelive.com/singlechannel.php','ID=channels&channel=01-12-2015-ntvsport.png'),(215,'::1','/cricfreelive.com/singlechannel.php','ID=channels&channel=01-12-2015-nfl.png'),(216,'::1','/cricfreelive.com/singlechannel.php','ID=channels&channel=01-12-2015-tsn2hd.png'),(217,'::1','/cricfreelive.com/singlechannel.php','ID=channels&channel=02-12-2015-chanel1.png'),(218,'::1','/cricfreelive.com/singlechannel.php','ID=channels&channel=02-12-2015-chanel1.png'),(219,'::1','/cricfreelive.com/singlechannel.php','ID=channels&channel=01-12-2015-ntvsport.png'),(220,'::1','/cricfreelive.com/singlechannel.php','ID=channels&channel=images'),(221,'::1','/cricfreelive.com/singlechannel.php','ID=channels&channel=01-12-2015-tsn2hd.png'),(222,'::1','/cricfreelive.com/singlechannel.php','ID=channels&channel=01-12-2015-nfl.png'),(223,'::1','/cricfreelive.com/index.php',''),(224,'::1','/cricfreelive.com/singlechannel.php','ID=channels&channel=01-12-2015-tsn2hd.png'),(225,'::1','/cricfreelive.com/singlechannel.php','ID=channels&channel=01-12-2015-nfl.png'),(226,'::1','/cricfreelive.com/singlechannel.php','ID=channels&channel=01-12-2015-ntvsport.png'),(227,'::1','/cricfreelive.com/singlechannel.php','ID=channels&channel=02-12-2015-chanel1.png'),(228,'::1','/cricfreelive.com/singlechannel.php','ID=country&channel=AL.png'),(229,'::1','/cricfreelive.com/singlechannel.php','ID=country&channel=AD .png'),(230,'::1','/cricfreelive.com/singlechannel.php','ID=CNN&channel='),(231,'::1','/cricfreelive.com/singlechannel.php','ID=channels&channel=01-12-2015-nfl.png'),(232,'::1','/cricfreelive.com/singlechannel.php','ID=CNN/images&channel=mainlogo.png'),(233,'::1','/cricfreelive.com/singlechannel.php','ID=channels&channel=01-12-2015-tsn2hd.png'),(234,'::1','/cricfreelive.com/singlechannel.php','ID=channels&channel=01-12-2015-ntvsport.png'),(235,'::1','/cricfreelive.com/singlechannel.php','ID=channels&channel=02-12-2015-chanel1.png'),(236,'::1','/cricfreelive.com/singlechannel.php','ID=CNN&channel='),(237,'::1','/cricfreelive.com/singlechannel.php','ID=CNN/css&channel=tooplate_style.css'),(238,'::1','/cricfreelive.com/singlechannel.php','ID=CNN/images&channel=mainlogo.png'),(239,'::1','/cricfreelive.com/singlechannel.php','ID=CNN/dh-admin/channels&channel=01-12-2015-tsn2hd.png'),(240,'::1','/cricfreelive.com/singlechannel.php','ID=CNN/dh-admin/channels&channel=01-12-2015-ntvsport.png'),(241,'::1','/cricfreelive.com/singlechannel.php','ID=CNN/dh-admin/channels&channel=01-12-2015-nfl.png'),(242,'::1','/cricfreelive.com/singlechannel.php','ID=CNN/dh-admin/channels&channel=02-12-2015-chanel1.png'),(243,'::1','/cricfreelive.com/singlechannel.php','ID=CNN/dh-admin/channels&channel=02-12-2015-chanel1.png'),(244,'::1','/cricfreelive.com/singlechannel.php','ID=CNN/images&channel=mainlogo.png'),(245,'::1','/cricfreelive.com/singlechannel.php','ID=CNN/dh-admin/channels&channel=01-12-2015-nfl.png'),(246,'::1','/cricfreelive.com/singlechannel.php','ID=CNN/dh-admin/channels&channel=01-12-2015-ntvsport.png'),(247,'::1','/cricfreelive.com/singlechannel.php','ID=CNN/dh-admin/channels&channel=01-12-2015-tsn2hd.png'),(248,'::1','/cricfreelive.com/index.php',''),(249,'::1','/cricfreelive.com/singlechannel.php','ID=country&channel=AD .png'),(250,'::1','/cricfreelive.com/singlechannel.php','ID=channels&channel=01-12-2015-tsn2hd.png'),(251,'::1','/cricfreelive.com/singlechannel.php','ID=country&channel=AL.png'),(252,'::1','/cricfreelive.com/singlechannel.php','ID=channels&channel=01-12-2015-nfl.png'),(253,'::1','/cricfreelive.com/singlechannel.php','ID=channels&channel=01-12-2015-ntvsport.png'),(254,'::1','/cricfreelive.com/singlechannel.php','ID=channels&channel=02-12-2015-chanel1.png'),(255,'::1','/cricfreelive.com/index.php',''),(256,'::1','/cricfreelive.com/singlechannel.php','ID=dWxMNDJnZ2Y2SUpLQlBNT3k4N1pqdz09'),(257,'::1','/cricfreelive.com/game.php','ID=22&title=Basketball'),(258,'::1','/cricfreelive.com/index.php',''),(259,'::1','/cricfreelive.com/index.php',''),(260,'::1','/cricfreelive.com/index.php',''),(261,'::1','/cricfreelive.com/index.php',''),(262,'::1','/cricfreelive.com/index.php',''),(263,'::1','/cricfreelive.com/index.php','');


